6. Let o(g) = -2*t(g) - w(g). What are the prime factors of o(s)?
2
Suppose -5*s + 21630 = 4*r, 2*s + r - 9108 = -456. What are the prime factors of s?
2, 3, 7, 103
Suppose -4*m + 3*b + 10549 = 0, 0 = m - 4*b - b - 2616. List the prime factors of m.
19, 139
Suppose -2 = 3*b - 11. Suppose -65 = -7*o - 177. What are the prime factors of 0 - (o + (-3)/b)?
17
Let y be (-1 - -2)*(-84)/6. Let o = 14 + y. Suppose o*x + 24 = x. List the prime factors of x.
2, 3
Let r(x) = -x**2 + x + 253. Suppose 0 = 70*n - 68*n. List the prime factors of r(n).
11, 23
Let x(y) = 4*y - 8. Let v be x(3). Suppose -b = 0, 0*l + v*l = 4*b + 36. What are the prime factors of l?
3
Let t = -27 + -198. Let z = -135 - t. List the prime factors of z.
2, 3, 5
Let n = -206 - -116. What are the prime factors of (54/(-135))/(1/n)?
2, 3
Suppose -7566 = -2*k - 3*k - d, 5*k - 4*d - 7561 = 0. List the prime factors of k.
17, 89
Suppose 3*p = -4*k + 8, -p + 6*k - 6 = 3*k. Let c be (1 - (p + -1)) + -2. Suppose -3*b - 2*i + 103 = c, -49 = -b - 0*b + 3*i. What are the prime factors of b?
37
Suppose 5*i - 3*j = 722 + 1139, -j + 740 = 2*i. Let w = i + -134. List the prime factors of w.
3, 79
Let s(l) = 297*l**3 - l**2 + 4*l - 4. List the prime factors of s(1).
2, 37
Let d = 268 + 77. What are the prime factors of d?
3, 5, 23
Let m = 12 + -9. Suppose m*i = 3*u - 30, 0 = 3*u - 2*u + 5*i - 22. Suppose -4*o + 36 - u = 0. List the prime factors of o.
2, 3
Suppose 0 = -5*h - 3*g + 2*g + 230, 2*h = -5*g + 115. List the prime factors of h.
3, 5
What are the prime factors of (-3715)/(-6) + 21/(-126)?
619
Let y = -21 + -34. List the prime factors of (-1 + 1 - y) + -10 + 6.
3, 17
Let n(m) = -16 - 3*m + 11*m - 7*m + m. List the prime factors of n(16).
2
Let f(w) = 12*w**2 - 9*w - 3. Suppose -2*y + 10 = -4*y - 4*p, 0 = -3*y - 2*p - 11. What are the prime factors of f(y)?
2, 3, 11
List the prime factors of 2/7 + 99316/196.
3, 13
Suppose -32 = 3*h - 2*a + 3*a, 3*a = 12. Let p = -20 - -50. Let m = h + p. What are the prime factors of m?
2, 3
Suppose -5*t = f - 6*f + 8240, -3*f - 5*t = -4960. List the prime factors of f.
2, 3, 5, 11
Let j(b) = 8*b**2 - 25*b - 13. Let a(i) = -4*i**2 + 12*i + 6. Let q(d) = 7*a(d) + 4*j(d). List the prime factors of q(-6).
2, 5, 23
Suppose 5*q - 31 = -3*p, 3*q - 2*q - 1 = 2*p. Let i be (p - 0) + (-2)/2. List the prime factors of i/(-4) + 424/32.
13
Let s(p) = -p**3 - 3*p**2 - p - 146. Let i(v) = 5*v**3 + 13*v**2 + 4*v + 583. Let w(a) = -2*i(a) - 9*s(a). List the prime factors of w(0).
2, 37
Let p be 1/(-1*(-2)/(-130)). Let i(j) = j**2 + 41*j + 83. Let w be i(-35). Let o = p - w. List the prime factors of o.
2, 31
Suppose -7*t + 5892 = -t. What are the prime factors of t?
2, 491
Suppose -2775 = 9*m - 14*m. What are the prime factors of m?
3, 5, 37
Let o(g) = 2*g**2 - g. Let a = -20 + 30. Suppose -h - 16 = 5*t, h + 5*t = 2*t - a. List the prime factors of o(h).
3
What are the prime factors of -4*(-1)/(-7) + 147462/294?
3, 167
Let c(s) be the first derivative of 3*s**2 + 11*s - 17. List the prime factors of c(6).
47
Let s be 5/(-10) + 11/(-2). Let d(u) = u**3 + 7*u**2 - 6*u - 6. What are the prime factors of d(s)?
2, 3, 11
Suppose 5*a - 1139 = -4*c, -4*a - 6 = 5*c - 1423. List the prime factors of c.
281
Let u = -323 + 655. What are the prime factors of u?
2, 83
Let p(c) = -c + 11. Let f be p(8). Suppose -f*j + 2 = -22. Suppose m = -1, -4*m = z - 5*m - j. What are the prime factors of z?
7
Let f(r) = -r**2 - 2*r + 19. Let v(h) = h**3 - 8 + 14 - 3*h**2 + 4*h - 10. Let y be v(2). List the prime factors of f(y).
19
Let y = 30 - 143. Let q = -24 - y. List the prime factors of q.
89
Let u = -2 + 6. Let m(b) = -b**2 + 4*b - 1. Let c(o) = 3*o**2 - 8*o + 1. Let n(w) = 2*c(w) + 5*m(w). What are the prime factors of n(u)?
29
Let w(s) = s**3 + 4*s**2 - 2*s + 17. Let i be w(-7). Let n = 210 + i. What are the prime factors of n?
2, 47
Let j = -453 - -767. List the prime factors of j.
2, 157
Suppose 6*u = 5*n + 3*u - 276, -2*u = 4. Let l = -13 + n. List the prime factors of l.
41
Suppose -9*v + 4*v - 45 = 0. List the prime factors of 33 + (v/(-3) - 2).
2, 17
Suppose -28 = -3*g + 17. Suppose -10*c + 7*c + g = 0. Suppose c*h - 124 = -39. List the prime factors of h.
17
Let h(j) = -41 - 6*j**3 + 2*j**3 + 39 - 3*j. List the prime factors of h(-2).
2, 3
Let s = 55 - 39. Let k = 100 - s. Suppose 13*w - 6*w - k = 0. List the prime factors of w.
2, 3
Let a = 12 - 2. Suppose a*v - 12*v = 0. Suppose 5*j - 334 = -0*j + p, v = -2*j - 2*p + 136. What are the prime factors of j?
67
Suppose 0 = -2*m + p + 656, -12*p = m - 17*p - 346. List the prime factors of m.
2, 163
Let a(b) = -20*b - 3. Let l(u) = 19*u + 4. Let n(p) = -3*p**2 + 1. Let x be n(1). Let z(i) = x*a(i) - 3*l(i). What are the prime factors of z(-3)?
3, 5
What are the prime factors of 130/(-325)*110/(-8)*134?
11, 67
Suppose -3*v - 14 = -2*r + v, -4*v = -5*r + 35. Let h(s) = s**3 - 7*s**2 - 2*s + 8. Let p be h(r). What are the prime factors of (9/(-6))/(p/32)?
2
Suppose -53 = -4*j + 5*r, 0 = -j - 4*j - r + 30. Suppose 0 = -j*y + 460 - 61. What are the prime factors of y?
3, 19
Suppose -5*l - 5*d + 4000 = 0, 6*l - 3*d = 2*l + 3221. What are the prime factors of l?
11, 73
Let x be -1 + 1/((-4)/(-1244)). Suppose 4*a + a - x = 0. List the prime factors of a.
2, 31
Let o = 20 - 16. List the prime factors of (o - 188/(-3))*(6 - 3).
2, 5
Let h(u) = 247*u**2 + 9*u - 8. List the prime factors of h(4).
2, 5, 199
Suppose -3583 = -8*c + 2361. List the prime factors of c.
743
Suppose 3*n + 55 = 5*r, -4*r + n + 47 = -2*n. Suppose -r*v = -2*v - 12. Suppose -v*k + 30 = -48. List the prime factors of k.
3, 13
Let i(k) be the third derivative of -k**6/120 - k**5/6 + 5*k**4/24 - 2*k**3/3 - 9*k**2. List the prime factors of i(-11).
2, 31
Let t be (12/10)/((-42)/(-140)). List the prime factors of 40 + 3/3*t.
2, 11
Let q be (-5 + 3)*(-4 - 24). Suppose 2*u + 31 = a - q, 20 = 4*u. What are the prime factors of a?
97
Let z(d) be the second derivative of -d**4/12 - 11*d**3/6 + 3*d**2 - d. Suppose 13 = 8*y + 77. List the prime factors of z(y).
2, 3, 5
Suppose -5*w + 215 = 2*a, 2*w - 43 - 34 = a. Let h = -65 + w. Let l = 50 + h. List the prime factors of l.
2, 13
Suppose -6*g = -4642 - 12662. List the prime factors of g.
2, 7, 103
Suppose 11*n + 14*n = 21500. List the prime factors of n.
2, 5, 43
Let n = 311 - -934. List the prime factors of n.
3, 5, 83
Let y = -5842 + 9788. What are the prime factors of y?
2, 1973
Let p(w) = -1478*w - 26. What are the prime factors of p(-3)?
2, 19, 29
Suppose -2*g = -5*g + 3*a + 1365, 4*g = 2*a + 1828. List the prime factors of g.
3, 17
Suppose -4*d + 15 = d. Suppose 3*o = 56 + 40. Suppose -d*b = -o - 70. What are the prime factors of b?
2, 17
Let t(b) = -b**2 + 85*b - 37. List the prime factors of t(54).
1637
Let r = 4 + -2. Suppose -3 = r*j - 9. Suppose -j*q + 51 = 3*c, -2*c + 2*q + 37 = 3*q. List the prime factors of c.
2, 5
Suppose 440 = 5*h - 35. Let s = h + -24. List the prime factors of s.
71
Let n(c) be the first derivative of -c**3/3 - 4*c**2 + 2*c - 4. Let d be n(-6). What are the prime factors of (12/d)/((-6)/(-126))?
2, 3
Suppose -m - 403 = 5*y - 0*m, -2*y - 5*m = 152. Let c = y + 109. List the prime factors of c.
2, 7
Let p(c) = 11*c + 97. What are the prime factors of p(0)?
97
Let l be 8/(-12)*12*(11 + -1). Let d = -65 - l. What are the prime factors of d?
3, 5
Suppose -3*o - 8 = g - 0, -15 = -5*o + 4*g. Suppose -3*t + 42 = 2*j, t + 4*j + 8 - 32 = 0. Let r = o + t. What are the prime factors of r?
11
Suppose -3*r - 4 = -4*p - 1, -5*p + 4*r = -3. Let o(i) = -7*i**2 + 6 - 18*i**p - 1 - 4*i + 17*i**3. What are the prime factors of o(-7)?
3, 11
Suppose 7*p = -67*p + 201280. What are the prime factors of p?
2, 5, 17
Suppose -7*m = -71 - 90. Let j be -24 + 2/(-2) + 2. What are the prime factors of j/m - (-3 + 0)?
2
Let g = -60 - -46. What are the prime factors of (-124)/(-3)*(-21)/g?
2, 31
Let r(y) = -y**2 - 12*y - 9. Suppose t + 3*w = 26, -3*t = -2*t + 2*w - 26. Suppose -6*d + d - t = 4*p, d - 47 = 5*p. List the prime factors of r(p).
2, 3
Let k = 808 + -75. What are the prime factors of k?
733
List the prime factors of ((-18678)/4)/(-11)*2/3.
283
Suppose -2*a = 3*u - 5, -a = -6*a - 10. Suppose -4*h - 2*p + 118 = 0, 0 = 5*p - 2